 = -3*w(a) + 7*z(a). Calculate r(-1).
-13
Suppose 10 = -2*u + 5*k, 17 = 5*u - k - k. Suppose 4*p - 8 = 0, 0 = s - 0*p + u*p - 16. Let r(m) = 5*m - 3*m + 0 + s. Calculate r(-5).
-4
Let t = 3 + -1. Let m be (1/t)/(2/4). Let u(r) = 6*r**3 - r**2. Give u(m).
5
Let p(r) be the second derivative of -r**6/120 + r**5/60 + r**4/24 + 4*r**3/3 - 3*r**2/2 + 4*r. Let m(b) be the first derivative of p(b). Calculate m(0).
8
Let f(c) = c**2 + 8*c + 15. Let r be f(-6). Let u(l) = 3*l**2 - l**2 - 3*l**2 + l + 3. Determine u(r).
-3
Let n(f) be the third derivative of 0 + 0*f - 1/8*f**4 - 6*f**2 + f**3. Calculate n(5).
-9
Let d(s) = -2*s**2 - 6*s + 5. Let t(h) = h**2 - h. Let r(v) = d(v) + 3*t(v). Determine r(7).
-9
Let a(z) = -z**3 + 3*z**2 + 6*z - 2. Let o(l) = -l - 11. Let h be o(-15). Calculate a(h).
6
Let i(q) = -8*q**3 + 1. Suppose 4*v = 3*u + 20, 3*v + 3*u = 4*u + 20. Let m be v/24*(-3)/(-1). Calculate i(m).
-7
Let k be 2/(-6) + 18/(-27). Let r(j) = -6*j**3 + 5*j**2 + j + 1. Let m(q) = q**3 - q**2. Let p(z) = -5*m(z) - r(z). Determine p(k).
-1
Let n be (-178)/14 + (-16)/56. Let s(f) = f**2 + 12*f - 15. Let v be s(n). Let g(c) = c**3 + 2*c**2 - 1. What is g(v)?
-1
Let u(p) = p**3 + 4*p**2 + 2. Let c be u(-4). Let b(i) = -i**2 + 5*i - 1. Determine b(c).
5
Let k(x) be the third derivative of -x**6/120 - x**5/12 + x**4/24 + 7*x**3/6 - 6*x**2. Determine k(-5).
2
Let c(h) = -2*h + 7*h + 1 - 7*h - 8. Determine c(-8).
9
Let n = -16 + 10. Let r(q) be the second derivative of 9*q - q**3 + 1/20*q**5 + 0 - 2*q**2 + 5/12*q**4. Give r(n).
-4
Let b(i) = -i**3 - i**2 - i - 1. Suppose 0 = -3*n - 12, 0*o - 2*n = 5*o - 2. What is b(o)?
-15
Let f(i) = -i**3 + 4*i**2 - i - 2. Suppose 2*o + o - 2*l + 31 = 0, -l - 7 = o. Let w = -3 - o. Suppose -4*p = -y + 18, w = -4*y + 2*p + 22. What is f(y)?
4
Let s(n) = -n + 4. Let k be -1*(-1)/(-2)*-2. Let j = 2 - k. Let y(h) = 5*h**2 + h - 1. Let m be y(j). Give s(m).
-1
Let x(v) = -5 + 5 + 18*v - 14*v + 1. What is x(3)?
13
Let s be (-32)/5 - (-6)/15. Let x(c) = -c**3 - 5*c**2 + 8*c + 7. Give x(s).
-5
Let n(z) be the first derivative of -z**2/2 + 11*z - 1. Let i be -3 - ((-40)/(-1))/(-5). Determine n(i).
6
Let f(g) = 7*g + 1. Let j(l) = l**3 - 20*l**2 + 19*l - 3. Let p be j(19). What is f(p)?
-20
Let w = 7 + -5. Let n(i) = -i**2 - i + 2*i**w - 3*i. Suppose 16 = 5*p - 9. Calculate n(p).
5
Suppose 0 = 4*b + 5*j - 25, 3*j - 2*j - 5 = 3*b. Let i(a) = -a**2 - a + 2. Calculate i(b).
2
Let q(b) = b**3 - b**2 - b. Let h be q(1). Let p(k) = 4*k - 1. Give p(h).
-5
Let k = -6 + 11. Let g(q) be the first derivative of q**2/2 - 5*q + 5. Determine g(k).
0
Let i(u) = -u + 1. Let c be i(8). Let x = -4 - c. Suppose v - 5*y - 15 = 0, -x*v + 9 = y + 2*y. Let t(g) = -g**2 + 8*g - 7. Calculate t(v).
8
Suppose -q + 7 = t + t, 3*t - 13 = q. Let r be ((-2)/(-2))/(0 + q). Let z(o) = -5*o. Calculate z(r).
5
Let y(u) = -u + 1. Let t(a) = 7*a + 6. Let g(w) = t(w) + 6*y(w). Determine g(-10).
2
Let p(r) be the second derivative of r**4/12 + 2*r**3/3 - 3*r**2 + r. Let u(a) = a**2 + 4*a - 5. Let b be u(-4). What is p(b)?
-1
Let i be ((-24)/5)/((-2)/(-10)). Let u be ((-4)/7)/(i/84). Let h(a) = -3*a - 1. Calculate h(u).
-7
Let i(b) = b**3 - 5*b**2 - 5*b - 4. Let z(f) = 2*f**2 - 3*f + 4. Let g be z(2). Determine i(g).
2
Suppose -7 = d - 2, 4*s = 4*d + 48. Let c(p) = 3*p - 7. What is c(s)?
14
Let t = -15 + 14. Let f(a) = -a. Determine f(t).
1
Let q(s) = -5*s**2 + 2 + 4*s**2 + 1 + 3*s. Determine q(4).
-1
Let c(g) be the second derivative of -g**5/2 + g**4/12 - g**2/2 + 2*g. Suppose 7 = -d + 8*d. Determine c(d).
-10
Let l(y) = y**2 - 5*y - 3. Let f(k) = 3*k**2 - 2. Let n(c) = 4*c**2 - c - 3. Let t(w) = 3*f(w) - 2*n(w). Let o be t(-3). Calculate l(o).
-9
Let w(o) be the third derivative of -o**4/24 + o**3/3 - o**2. Suppose i = -4*i. Determine w(i).
2
Let v(u) = -2*u - 7. Let l be v(-5). Suppose -2*s = 1 - l. Let x(q) = -9*q**2 + q. What is x(s)?
-8
Suppose 5*t = 7 + 13. Suppose 2*y = 3*y - t. Let x(z) = y - 2 - z**2 - 5 - 7*z. Give x(-5).
7
Let q(v) = -v + 1. Let i(o) = o**3 - 2*o**2 - 2*o - 3. Let x(b) = -i(b) - q(b). Let y = -8 - -3. Let n = 8 + y. What is x(n)?
2
Let j(t) = t**3 - t**2 - 3*t + 2. Suppose -4*f + 12 = 2*b, 4*f + 3*b + 0 = 14. Determine j(f).
0
Let o be 3 + (-9)/(-2 - 1). Let n(g) = -g**3 + o + 5*g - g - 5*g - 5*g**2 + 3*g. Give n(-5).
-4
Let w(b) = -5*b - 1. Let x be w(1). Let g = 0 + x. Let z(l) = 3*l + 3. Let h(p) = -1. Let a(t) = g*h(t) - z(t). Determine a(3).
-6
Let y(k) = k**2 - 7*k + 7. Let t be y(4). Let l(f) = -3*f - 6. Let b(m) = m + 3. Let s(u) = -5*b(u) - 2*l(u). What is s(t)?
-8
Let t(r) = -r**3 + 14*r**2 - 13*r + 2. Let w be t(13). Let q(f) = -f**2 - 2*f + 1. Determine q(w).
-7
Let t(g) = 11*g**3 + 14*g**2 + 27*g + 23. Let q(b) = -5*b**3 - 7*b**2 - 13*b - 11. Let r(x) = -9*q(x) - 4*t(x). Calculate r(-6).
-11
Let g = 24 - 10. Let x be g/35 - 27/5. Let d(q) = -q**3 - 4*q**2 + 4*q - 6. Calculate d(x).
-1
Let l(w) be the second derivative of -w**5/20 + w**4/2 + w**3/6 + w**2/2 - 39*w. Give l(6).
7
Let f(m) = 4*m - m**3 - 6 + 2*m + 3*m**2 + 2*m**2 + 0*m**2. What is f(6)?
-6
Let i(q) = q - 3. Let r be i(3). Let o(x) = x**3 - x**2 + 10. Let l be o(r). Let h = l + -15. Let v(f) = -f**2 - 5*f - 7. What is v(h)?
-7
Let f(y) = y - 3. Suppose -4*d - 5*x = -5, 2*d + x + 1 = 2. Determine f(d).
-3
Suppose -12*v + 2 + 22 = 0. Let s(b) = 5*b**2 - 2. Calculate s(v).
18
Suppose 0 = 2*y - 0*y - 4. Let k be -2*((-3)/y + 3). Let j(q) = q**2 + q + 1. Determine j(k).
7
Let f(w) be the second derivative of 1/24*w**4 + w + 0 - 1/60*w**5 + 2/3*w**3 - 1/2*w**2. Let h(d) be the first derivative of f(d). Determine h(4).
-8
Let i(l) = 262 - 9*l - 133 - 130. Let n = -7 - -6. Determine i(n).
8
Let g(h) = h**3 - h**2 - h + 1. Let x(u) = -4*u**2 - 3*u - 6*u**3 + 2 - u**3 + 2*u**3. Suppose 3*p + 2*p = 5. Let t(w) = p*x(w) - 2*g(w). Calculate t(-1).
6
Let b(w) = -2*w - 1. Let q(x) be the first derivative of x**5/30 + 2*x**3/3 - 3. Let r(i) be the third derivative of q(i). Let l be r(-1). Determine b(l).
7
Let a be (5 + -2)/((-3)/(-4)). Suppose 0 = -a*v - 3*g - 0 + 7, -2*v = 2*g - 2. Let y(r) = -r**2 + 4*r - 4. Determine y(v).
-4
Let n(s) be the second derivative of -1/6*s**3 + 0 + 3*s - 3*s**2. Let j be n(-6). Let a(q) = -q**3 - q**2 + 3. What is a(j)?
3
Let x(p) = 2*p**2 + 4*p + 8. Let h(o) = 2 - o**2 - 4*o - 11 + 2. Let c(n) = -3*h(n) - 2*x(n). Suppose 18 = 5*k - 7. What is c(k)?
0
Suppose d - 2*d = 2. Let o(q) be the third derivative of -q**6/120 + q**5/60 + q**4/24 + 3*q**2. Let k(a) = 4*a**3. Let r(j) = k(j) + 3*o(j). Determine r(d).
-2
Let y(g) = 2*g**2 + 3*g. Suppose d = 5*v + 12, -2*d = -4*v - 7 - 5. Determine y(v).
2
Let m(i) = i + 13. Let z be m(-10). Let k(d) = d + 5*d**2 - 3 - d**z - 6*d**2 + 7*d**2. Calculate k(6).
3
Let t(k) be the third derivative of -13*k**6/120 - k**5/30 + k**4/24 + 17*k**2. Suppose -2*p = w + 1, 0 = -4*w - 2*p + 6*p + 8. What is t(w)?
-14
Let r(s) = s**2 + 7*s + 1. Let g = 12 - 9. Let j(b) = 2*b - 5. Let a be j(5). Suppose -7 - g = 2*i + u, -8 = 3*i + a*u. What is r(i)?
-5
Let k(o) = -2*o**2 + 8*o - 11. Let p(h) = h**2 - 4*h + 6. Let a be 3/12 + (-38)/(-8). Let j(i) = a*p(i) + 3*k(i). Calculate j(4).
-3
Let w(q) = q**2 + 4*q + 1. Let k(x) = -x**2 - 3*x - 2. Let p(d) = 3*k(d) + 2*w(d). Let l = -2 + 2. Calculate p(l).
-4
Let c(j) = 7*j**2 - 7*j - 3. Let h(x) = 6*x**2 - 6*x - 3. Let n(u) = -5*c(u) + 6*h(u). Give n(3).
3
Let z(d) = -d**3 - d**2 + d. Let n be z(-2). Let y(x) = -3 - n*x**2 + 3*x - 4*x + 4. Calculate y(1).
-2
Let w(u) = u - 2. Let g(v) = v**3 - 4*v**2 - 3*v - 5. Let f(h) = -h**2 - 6*h + 5. Let t be f(-6). Let p be g(t). Suppose -33 + 8 = p*a. Determine w(a).
-7
Let n(b) = b**3 - 4*b**2 + 5*b - 4. Suppose 4*o - 2*q + 6 = 0, -3*o + 5*q = -3 + 4. Let v = 5 + o. Give n(v).
2
Let a(w) be the third derivative of -w**4/12 + w**3/6 - 6*w**2. What is a(-4)?
9
Let n(f) = -2*f. Let p be n(1). Let k = 3 - p. Let w(z) = -z**3 + 24 - 14 + 5*z**2 - 9. Give w(k).
1
Let x = -4 + 7. Let a(d) = 2*d + 5. Let q(k) = -k - 4. Let l(c) = -3*a(c) - 4*q(c). What is l(x)?
-5
Let b(d) = -d**2 - 4. Suppose 0 = -6*q + 3*q. Let k be b(q). Let g be 6/3*(-6)/k. Let m(c) = -c**3 + 3*c**2 - 2*c - 1. Give m(g).
-7
Let z(x) = 3*x**2 + 3 - x**3 + x**2 + 2. Let g be ((-8)/